b - 9. Let j(w) be the first derivative of w**3 - 3*w + 26. Let x(f) = -11*j(f) + 4*k(f). Suppose 2 + 2 = r. Determine x(r).
-3
Let y(x) be the first derivative of -x**4/4 - 3*x - 408. What is y(-3)?
24
Let g(u) = 2*u - 2. Let c be g(2). Suppose -4*z + 17 = r, 1 = -r + c*z + 3*z. Let l(k) = -4*k - 1 + r*k + 4*k. What is l(1)?
8
Let v(k) = -3*k - 4. Let u be v(-2). Let m be ((-5)/10)/((-1)/u). Let h(a) = 8*a**3 - 2*a**2 + 1. What is h(m)?
7
Let j(y) = -2*y. Let d(k) = -11*k + 4. Let l(t) = -2*d(t) + 10*j(t). Let a(o) = o**2 + 9*o + 7. Let c be a(-9). Give l(c).
6
Let k(f) = -f**2 - 7*f - 1. Let b(d) = 8*d**2 + 7*d - 10*d**2 + 3*d**2 + 0*d. Let v(t) = 4*b(t) + 3*k(t). What is v(-6)?
-9
Let p(x) = -2*x + 39. Let f be (4 + -7)/(-3)*(3 + -3). Give p(f).
39
Let d = 65 + -57. Let a(u) = u + 4. What is a(d)?
12
Let i(b) be the first derivative of -b**2/2 - 4*b + 839. What is i(-11)?
7
Suppose -z + 15 = -2. Let t = 21 - z. Let s(v) = -4*v**2 - 5*v - 5*v**3 + t*v**3 - v**2 + 2*v**3. What is s(6)?
6
Suppose c = 6*c + 60. Let y be (-6)/c*1*2. Suppose 0 = 3*s - 2*s - y. Let p(v) = 2*v**3 + 2*v**2 - 1. Give p(s).
3
Let u(w) = -12*w**2 - 2862 + 962 + w**3 - 30*w + 966 + 967. Calculate u(14).
5
Let y(q) be the second derivative of -q**5/30 - q**4/24 - q**3/3 + 5*q**2/2 - 3*q. Let i(j) be the first derivative of y(j). Calculate i(2).
-12
Let p(j) = -8*j + 8. Let g(i) = 3*i. Let q(c) = -3*g(c) - p(c). What is q(-14)?
6
Let i = -1 - -2. Let o be (5 + i)/(12/8). Let g(t) = -o - t + 1 + 1. Give g(-4).
2
Let v be (-2)/14 + (-225)/(-105). Let n(o) = -2*o**2 + 5*o**2 + v*o**2 + 0*o**2. Calculate n(1).
5
Let j(d) = -d**2 - 1. Let g(l) = -4*l**2 - 10*l - 3. Let i(p) = -g(p) + 5*j(p). Determine i(9).
7
Let b = 47 + -44. Let q(n) = -n**3 - n - 1 + n**2 + 0*n - n**b + 3*n**3. Calculate q(0).
-1
Let t(f) be the second derivative of 3*f**5/20 + f**4/3 + 5*f**3/6 - f**2 - 715*f. Calculate t(-3).
-62
Let p(r) = 2*r. Let h be 18/10 + (-15)/(-75). Determine p(h).
4
Let b(y) = -y**2 + y + 1. Let j(d) = 5*d**2 + d**3 - 303 - 14*d**2 + 302 + 6*d. Let a(r) = -4*b(r) + j(r). Give a(4).
-13
Let b be (-30)/4*((-80)/(-25))/(-4). Suppose -5*d = 0, -p - b + 12 = 2*d. Let f(n) = n**2 - 9*n + 8. Determine f(p).
-10
Suppose -5*a = b + 16 - 5, -35 = -3*b + 2*a. Let x(k) = 4*k + 4. Let w(v) = -4 + v + 0 + 5. Let j(y) = b*w(y) - 2*x(y). Give j(5).
6
Let b(c) be the first derivative of -c**6/72 - c**5/120 - 13*c**3/3 - 20. Let f(u) be the third derivative of b(u). Calculate f(1).
-6
Let l = 564 + -549. Let x(f) = -f**3 + 15*f**2 + 6. Calculate x(l).
6
Let c(p) = 16*p**3 + p - 1. Let y = 279 - 278. Give c(y).
16
Let h(z) = 3*z - 5. Suppose -2*i + 3*i - 4*v + 8 = 0, 0 = -2*i - 5*v - 3. Let n be 7 - ((-6)/i)/(-1)*-2. What is h(n)?
7
Let x(p) = 3*p**2 - 111*p - 3. Let r be x(37). Let z(a) = -a**2 - 2*a + 1. Calculate z(r).
-2
Let m(o) = -o**3 - 10*o**2 - 8*o + 9. Suppose -5*n - 3*b + 70 - 315 = 0, -b - 245 = 5*n. Let x = -58 - n. Give m(x).
0
Suppose 0 = -12*j - 34 + 166. Let f(g) = g + 1. What is f(j)?
12
Let w(i) be the second derivative of 0*i**5 + 1/180*i**6 + 0*i**2 + 0 + 7/12*i**4 + 0*i**3 - 7*i. Let s(n) be the third derivative of w(n). Calculate s(2).
8
Let g(u) be the second derivative of -u**5/20 + 7*u**4/6 + 17*u**3/6 - 9*u**2/2 + 419*u. Determine g(15).
21
Let u(p) = -3*p**3 + 0*p**3 - 9*p**3 - 9 - 8*p + 10*p**3 + 5*p**2 + 3*p**3. Suppose 27 = -4*m + h, 0 = -m + 3*m - 5*h + 27. Calculate u(m).
3
Let u(z) = z**2 - 6*z + 1. Suppose 4*p - 244 = 44. Let q = p + -68. Calculate u(q).
-7
Let m = -422 + 424. Let j(p) = 2*p**3 + 4*p**2 - 9*p + 7. Let d(b) = b**3 - b + 1. Let z(o) = 6*d(o) - j(o). Give z(m).
21
Suppose 2*a - 11 = -3*v, -16*v = 4*a - 14*v - 42. Let j(k) = -k**2 + 11*k + 15. What is j(a)?
-11
Suppose -4*d + 0*d = -4. Let b(w) = -d + 2*w + w - 2*w - 2*w**3 - 2*w**2. Determine b(-2).
5
Let n(p) = -6*p**2 - 1. Suppose 248 - 242 = 3*b. Determine n(b).
-25
Let t(l) = l**3 + 3*l**2 - 1. Let c(f) = -f**3 - 5*f**2 + 7. Let k be c(-3). Let s be (-108)/132 + 2/k. Give t(s).
1
Let h(n) be the second derivative of -n**5/20 - 3*n**4/4 + n**3/3 + 6*n**2 - 21*n + 8. Give h(-9).
-6
Let c be (-2)/2 - 8/(-6). Let n(v) be the third derivative of -c*v**3 + 0*v + 1/120*v**6 - 1/12*v**4 + 0 + v**2 - 1/20*v**5. Determine n(3).
-8
Let h(z) be the second derivative of -2*z**2 + 0 + 5/12*z**4 - 1/20*z**5 - 1/2*z**3 - 2*z. Determine h(4).
0
Let t(d) = 3*d**2 - 5*d - 6. Let l(o) be the third derivative of -o**5/15 + o**4/4 + o**3 + 16*o**2. Let p(n) = 4*l(n) + 5*t(n). Calculate p(0).
-6
Let l(n) = n**3 - 8*n**2 + 6*n + 4. Suppose 0 = -39*d + 27*d + 84. Determine l(d).
-3
Let z = 1579 + -1577. Let c(m) be the second derivative of 0 + 0*m**3 - 2*m**z - m + 1/12*m**4. What is c(0)?
-4
Let j = -9 - -24. Suppose j*i - 4 = 13*i. Let z(g) = -1 + i*g - 4*g - g. Give z(-2).
5
Suppose -4*h - 96 = -0*h. Let c be (2/4)/(4/h). Let b(x) = -x**2 - 4*x + 1. Calculate b(c).
4
Let z(k) be the first derivative of -k**2 - 25*k - 485. Determine z(-17).
9
Suppose -y + 3*y - 6 = 0. Suppose -5*j = -15, -3 = 5*v + 2*j - y*j. Let m(a) = a**3 - a + 14. Give m(v).
14
Let a = 2 + -2. Let w(o) = 7*o + 2. Let t(h) = 1 + 1 - 5 + 5*h + 6. Let j(p) = 4*t(p) - 3*w(p). What is j(a)?
6
Suppose f + 2*z - 6 = 0, 4*z - 4 = -f + 4. Let k be (7/(-7))/((-1)/f). Let s(n) = n**2 - 3*n - 4. Determine s(k).
0
Suppose -2*p = -5*p + 3*l + 9, -p + 3*l = -7. Suppose u = p + 3. Let w(o) = o**2 - 3*o - 2. What is w(u)?
2
Suppose -2*f = 2*w - 190, -4*f + 380 = 4*w - f. Let c = 101 - w. Let d(v) = v - 3. Determine d(c).
3
Let i(v) = 3*v**3 - 9*v**2 + 7*v - 7. Let q(t) = -13*t**3 + 37*t**2 - 28*t + 29. Let f = 36 + -27. Let a(r) = f*i(r) + 2*q(r). Calculate a(6).
1
Let y(a) be the second derivative of 0*a**3 + 1/2*a**2 - 3*a + 0 - 11/24*a**4. Let i(p) be the first derivative of y(p). Calculate i(1).
-11
Let x(f) = f**3 - 3*f**2 + f - 3. Let t be -3 - -1 - (1 - 5). Let h(k) = 4*k - 7. Let l be h(t). Let c be l + 3 + 1 + -2. Determine x(c).
0
Let q be 2*(-9)/(-30)*-5. Let n be (-114)/4*2/q. Let b(d) = -11 - d**2 + n - 12 + 7*d. What is b(5)?
6
Let k = 1229 + -1234. Let s(n) = -10*n - 57. Determine s(k).
-7
Let d(u) = 3*u + 4. Let b(x) = x**3 - 15*x**2 + 17*x - 46. Let c be b(14). Give d(c).
-8
Let i(f) = -f + 1. Let c(w) = -5*w + 4. Let m(h) = c(h) - 4*i(h). Suppose x - 1 = -0*x. Determine m(x).
-1
Let b(y) = -25 + 4 - 5 + 11*y. Let j(p) = 5*p - 12. Let h(x) = 6*b(x) - 13*j(x). Calculate h(-2).
-2
Let p be -78 - 12/(-1 - -5). Let f = p - -91. Let u(d) = -d + 11. Determine u(f).
1
Let q(y) be the third derivative of -y**6/120 - y**5/60 + y**4/24 + y**3/6 + 190*y**2. Give q(0).
1
Let s(p) be the first derivative of -p**7/840 - 7*p**6/360 - p**5/15 - p**4/6 - 12*p**3 - 18. Let a(n) be the third derivative of s(n). What is a(-6)?
8
Let f(s) = -2*s**3 - 3*s**2 + 2. Let r be f(-2). Let k(y) = 0 - 25*y**2 + 8 + 0*y + 5*y + 2*y + 24*y**2. What is k(r)?
14
Suppose m - 5 = -u, 4*m + u - 22 = 7. Let a(n) = n**2 - 3*n - 10. Give a(m).
30
Let l = 20 - 20. Let d = l - -15. Let s(m) = 16 - 15*m**2 + 6*m**2 + m**3 + 7*m - d. Give s(8).
-7
Let m(u) be the first derivative of u**3/3 + 7*u**2/2 + 3*u - 5. Let d(v) = -2*v + 4. Suppose -3*a + 1 = 5*i - 14, -5*i = -a + 5. Let o be d(a). Calculate m(o).
-3
Let w be 5 - (2 + 8/(-2)). Suppose 0 = 29*y - 13 - 16. Let p(i) = -i + y - 6 + w. Give p(5).
-3
Suppose -2*p = 2*p - 12. Let b(v) = -1 - 4*v**2 - 5*v - 3*v + p*v**2. Suppose 5*a - 6 = -36. What is b(a)?
11
Let y(k) = 10*k - 328. Let x be y(33). Let w(b) = -b**2 - b + 4. Give w(x).
-2
Let l(f) be the first derivative of -f**4/4 + 3*f**3 - 4*f**2 + 12*f - 61. Calculate l(8).
12
Let t(m) = m**3 - 5*m**2 - 8*m - 4. Suppose -28 = -5*z + 17. Suppose 61 - 7 = z*x. Give t(x).
-16
Let a(i) be the second derivative of -i**5/20 + i**3/6 - 8*i**2 - 130*i. Let b be (-2)/4 + 1/2. Determine a(b).
-16
Let g(t) = 9*t - 8. Let o be (-3800)/(-665) - 2/(-7). Determine g(o).
46
Let b(c) = -c**3 + 10*c**2 - 10*c + 18. Let g be b(9). Suppose 0 = g*s - 40 + 4. Let x(n) = -n - 4. Calculate x(s).
-8
Let i(g) = 1 - 2 + 12 - 4 + g. Calculate i(-15).
-8
Let y(g) = g + 3. Let h(v) = -v**3 - v**2 - v - 1. Suppose 2 = 2*z + 6. Let j be h(z). Give y(j).
8
Let k(z) = 15*z**2 + 2*z - 3. Let s(p) = -8*p**2 - p + 2. L